. What are the prime factors of 84/y - 1/3?
3
Suppose -5*z + 344 + 176 = 0. What are the prime factors of z?
2, 13
Let p(s) = 3*s**3 + s**2 + 2*s. List the prime factors of p(3).
2, 3
Let r(q) = 20*q**3 + q**2 - 1. Let j be r(1). Let k = j - 13. List the prime factors of k.
7
Let g(i) be the first derivative of i**4/24 + i**3 - i**2/2 + 3. Let b(x) be the second derivative of g(x). What are the prime factors of b(0)?
2, 3
Let m be 1/5 - 1/5. Suppose 9*t - 8*t - 6 = m. What are the prime factors of t?
2, 3
Let i be (0 - -2*2) + 2. Suppose 2*t - s = 11, i*t - 2*t - 12 = 4*s. List the prime factors of t.
2
Let d be (-5)/(-2) + 12/(-8). List the prime factors of (-5)/(-5)*7/d.
7
Suppose 2*w - 2 = -0. Let q(u) = 16*u - 1. List the prime factors of q(w).
3, 5
Let l(p) = p**3 + 9*p**2 - p + 5. List the prime factors of l(-4).
89
Suppose -p = 5*d - 1075, 2*p = p. What are the prime factors of d?
5, 43
Let t = -51 + 82. What are the prime factors of t?
31
Let w(p) = -3*p**3 + p**2 + p + 1. Let f be w(-1). Suppose 0 = -5*z + v + 51, -f*z + 4*v = z - 39. What are the prime factors of z?
11
Let s be ((-12)/10)/((-6)/20). Suppose 3*x - 28 = -x + 5*w, -64 = -s*x - 4*w. List the prime factors of 18/x*22/3.
11
Let q(l) = -18*l - 1. Let k(o) = -o - 2. Let t be k(-1). What are the prime factors of q(t)?
17
Let o(s) = 2*s**2 + 4*s + 54. What are the prime factors of o(0)?
2, 3
Let c = 0 - -13. Suppose 3*t - 5*l - 66 = 0, 0 = 3*t - 2*l + c - 79. List the prime factors of t.
2, 11
Let y = -156 - -342. What are the prime factors of y?
2, 3, 31
Let u be 2 - 1 - 1*-2. Suppose -g - u*g + 100 = 0. What are the prime factors of (-3)/(-6)*(g + 1)?
13
Let p(j) = -j**2 + 10*j + 5. Let o be p(8). Suppose 0*y - 3*y = -o. List the prime factors of y/2*8/14.
2
Let p(a) = -a + 142. Let b be p(0). Suppose -390 = -4*z - b. Suppose -17 = -k - w, k = -3*k - w + z. List the prime factors of k.
3, 5
What are the prime factors of 22/(-33)*210/(-4)?
5, 7
Suppose 4*k - 3*d - 14 = -5*d, k = 3*d. Suppose -q - 10 = -k*w + 4, -4*w = -2*q - 22. What are the prime factors of (-64)/(-12) - 1/w?
5
Suppose -3*h + 14 = i, 5*h - 2*h = -2*i + 13. Let a(v) = -v**2 + 8*v + 7. List the prime factors of a(h).
2, 11
Suppose 2*d - 5*m = 26, 4 = 5*d + 3*m + 1. Suppose -11 = -d*l + 19. What are the prime factors of l?
2, 5
Let h(t) = -t**3 + 5*t**2 - 4*t - 1. Let m be h(4). Let n = m + 12. List the prime factors of n.
11
Let y(k) = -k**2 + 5*k - 3. Let l be y(3). Suppose 9 = -0*h + h + 5*f, -h = -l*f - 25. What are the prime factors of h?
19
Suppose v + 3 = 0, v + 1 = a - 11. What are the prime factors of ((-3)/a)/((-1)/42)?
2, 7
Suppose -2*r + r + 87 = 4*y, -5*r + 5*y = -560. What are the prime factors of r?
107
Let l = 79 + -34. List the prime factors of l.
3, 5
Suppose -z = 4 - 2. Let y be (4 - z)/((-2)/(-1)). List the prime factors of y/(-12)*-10*2.
5
Suppose -4*j = -4 - 8. Suppose 110 = j*a + 2*g - 7*g, -2*g - 38 = -a. What are the prime factors of a?
2, 3, 5
Let r(h) = -h**2 + 12*h - 8. Let k be r(11). Suppose -k*z = -24 - 15. List the prime factors of z.
13
Let n be (1 - 166/(-10))*-5. Let j = n - -45. Let a = -31 - j. List the prime factors of a.
2, 3
Let t(r) = -r**3 - 5*r**2 - 6*r - 4. Let o be t(-6). Suppose -4*z + o = 5*d - 12, z = 2*d + 7. What are the prime factors of z?
3, 5
Let r(d) = -d**2 - d. Let x(i) = 4*i**2 + 6*i. Let n(y) = 2*r(y) + x(y). List the prime factors of n(-4).
2
Let c be (-6)/(-9) + (-3)/(-9). What are the prime factors of (c + 1)/((-6)/(-69))?
23
Suppose 34 = 3*u - 86. List the prime factors of u.
2, 5
Let t(q) = 4 + 0*q + 3*q - 4*q. List the prime factors of t(-9).
13
Let v(z) = 2*z**3 - 5*z**2 - 2*z - 3. List the prime factors of v(4).
37
Let b be 2/((2 - 0) + 0). List the prime factors of 36 + (-6)/3 + b.
5, 7
Suppose 4*a - 10 - 10 = 0. Suppose -4*u + a*u = 0. Suppose u = -4*y + 2*f + 28, -3 = -3*y + 3*f + 12. List the prime factors of y.
3
Let m = 3 - 2. Let g be 2 - (1 - m) - -22. Suppose -j - 4*j = 0, -g = -2*y - 2*j. What are the prime factors of y?
2, 3
Let x be -10 + 2*(-1)/(-2). Let g(s) = -2*s - 13. Let c be g(x). Suppose -3*j = c*h - 47, -17 = -0*j - j - 2*h. List the prime factors of j.
3
List the prime factors of 216/32*(-8)/(-1).
2, 3
Let q = -48 + 82. What are the prime factors of q?
2, 17
Let z = -1 + -1. Let d(v) = -25*v - 2. What are the prime factors of d(z)?
2, 3
Suppose 0 = 5*q + 2*p - 384, 223 = 5*q - 2*p - 173. Suppose -9 + q = 3*x. List the prime factors of x.
23
Suppose -w - 4*w = -10. Suppose 2*z + w = 10. What are the prime factors of z?
2
Suppose w = 4*w - 9, -2*w + 16 = t. List the prime factors of t.
2, 5
Suppose 0 = -t + 3*k + 7, 3*t - 5*t + 3*k = -8. List the prime factors of -6*1*(0 - t).
2, 3
Suppose 44*i - 50*i = -1338. List the prime factors of i.
223
Let l(d) = -d**2 + 4*d - 7. Let h be l(3). Let r = h + 9. List the prime factors of r.
5
Suppose -3*t - 9 = -2*c, 5*c - 3*t = -4*t + 14. Let i(g) = g**3 - 3*g**2 + g + 2. List the prime factors of i(c).
5
Let s(y) = -3 - 5*y + 6*y**2 - 5*y**2 - 5*y. List the prime factors of s(11).
2
Suppose 4*b = 5*l + 281, b + 5*l - 86 = l. What are the prime factors of b?
2, 37
Suppose -3*j + 2*c + 105 = 0, j + 0*j - 40 = -c. What are the prime factors of j?
37
Suppose 6 = -3*g, 3*f + 2*g = 6*g + 20. Suppose -f*d = v - 0*v + 94, 6 = 3*v. Let q = 35 + d. List the prime factors of q.
11
Let m be 4/(2/5 - 0). Suppose 0 = 5*n - 9*n - 20. Let c = m + n. What are the prime factors of c?
5
Suppose 4*l = j - 3*j + 52, 0 = -j - 5*l + 20. List the prime factors of j.
2, 3, 5
Suppose 0 = -2*i - 2*u + 660, 2*u = -0*i + 2*i - 640. What are the prime factors of i?
5, 13
Let w(n) = n**3 + 4*n**2 - n - 1. Let j be w(-4). Let q be -6*(2 - (-7)/(-3)). Suppose j + 7 = -q*o, z + o = -1. What are the prime factors of z?
2
Let v(x) be the second derivative of -x**6/720 + 3*x**5/40 + x**4/6 + 4*x. Let y(c) be the third derivative of v(c). List the prime factors of y(0).
3
Suppose 11 + 4 = 3*n. Suppose 5 = -n*v, -4*p = -0*v + 3*v - 69. What are the prime factors of p?
2, 3
Let q(f) = -f**2 + 5*f + 2. Let t be q(3). Let z(u) = 8 - 9*u + 5 + 8*u. List the prime factors of z(t).
5
Let y(l) = -3*l + 2. Let a(b) = b**2 + 5*b - 6. Let j be a(-5). Let p be y(j). Suppose 0*v - 10 = -5*v, 4*v = -4*f + p. What are the prime factors of f?
3
Let g(v) = -9*v + 4 - 6*v - 3. List the prime factors of g(-1).
2
Let o(q) = q**2 + 11*q + 4. What are the prime factors of o(-13)?
2, 3, 5
Let o(m) = -1. Let n(k) = 2*k + 7. Let z(c) = -n(c) + 6*o(c). Let y be z(-9). What are the prime factors of (56/20)/(2/y)?
7
Suppose -j = 3*j - 3*r - 171, 4*j - 5*r = 181. What are the prime factors of j?
3, 13
Let o = 81 - 22. List the prime factors of o.
59
Suppose -y = 2*z + 2*y - 3, 5*y + 5 = -5*z. Suppose 3*i - 6 = 0, p + 4*p + 2*i - 14 = 0. List the prime factors of p/(-6) - 50/z.
2
Let p(c) be the second derivative of c**4/12 + 3*c**3/2 + 3*c**2/2 - 2*c. Let i be p(-9). Suppose w - i = 11. List the prime factors of w.
2, 7
Let b = -86 - -89. Let g(a) be the first derivative of 5*a**2/2 - 2*a + 1. What are the prime factors of g(b)?
13
Let i(k) = k**2 - 6*k - 5. Let r be i(7). Suppose -3*j + 160 = 5*y, -r*y + 0*y + 53 = -j. List the prime factors of y.
29
Let p(n) = 6*n - 4. What are the prime factors of p(4)?
2, 5
Suppose -9*d + 3*d = -30. Suppose -d*g + g + 52 = 0. List the prime factors of g.
13
Suppose d + 3 = -5. Let o = d - -24. List the prime factors of o.
2
Let z = 46 + -23. What are the prime factors of z?
23
Suppose 2*a + 2*a + 4 = 0. List the prime factors of 15/(-20)*4/a.
3
Suppose -a + 0 - 3 = 2*n, 4*a - 40 = 5*n. Suppose g + 49 = 3*z, 0 = a*z - 2*g - 18 - 63. What are the prime factors of z?
17
Suppose 2 + 3 = -5*d. Let c(g) = 12*g**2 + 2*g + 1. What are the prime factors of c(d)?
11
Let l(j) = -2*j**3 - 11*j**2 - 15*j - 6. What are the prime factors of l(-6)?
2, 3, 5
Suppose s = -l - s + 15, 2*s = -4. Let k be 25/(-10)*(-6)/5. Suppose k*f - 11 = l. What are the prime factors of f?
2, 5
Suppose -6*b + 3*b + 99 = 5*c, -4*c - 5*b = -74. Suppose w + 2*w = c. Suppose 0 = 4*l + w - 39. List the prime factors of l.
2
Let c be 0 + -1 + 0 + 67. Let p = c + -27. Suppose -2*w = 2*f - 12, 4*w - p + 13 = -5*f. What are the prime factors of w?
2
Suppo